{"id":1355,"date":"2024-05-14T14:06:15","date_gmt":"2024-05-14T14:06:15","guid":{"rendered":"https:\/\/wwspolska.pl\/?post_type=product&#038;p=1355"},"modified":"2025-08-30T13:38:49","modified_gmt":"2025-08-30T13:38:49","slug":"terminal-wagowy-3590etkr-3-bezprzewodowy","status":"publish","type":"product","link":"https:\/\/wwspolska.pl\/index.php\/produkt\/terminal-wagowy-3590etkr-3-bezprzewodowy\/","title":{"rendered":"Terminal wagowy 3590ETKR-3 &#8211; Bezprzewodowy"},"content":{"rendered":"<p>Cyfrowy miernik masy z du\u017cym ekranem dotykowym, odpowiedni do wa\u017cenia pojazd\u00f3w, samolot\u00f3w i obiekt\u00f3w z wieloma punktami podparcia. Umo\u017cliwia wizualizacj\u0119 wszystkich danych wa\u017cenia i dostosowywanie ekran\u00f3w, upraszczaj\u0105c operacje u\u017cytkownika. Wyposa\u017cony w 3 porty szeregowe, protoko\u0142y transmisji do transmisji danych, w pe\u0142ni konfigurowalne wydruki, zintegrowan\u0105 pami\u0119\u0107 alibi i port do pod\u0142\u0105czenia czytnika kod\u00f3w kreskowych\/identyfikator\u00f3w. Dopuszczenie CE-M (OIML R-76 \/ EN 45501).<\/p>\n<p>&nbsp;<\/p>\n<p>G\u0141\u00d3WNE CECHY<\/p>\n<p>Walizka transportowa ABS, z obudow\u0105 na wska\u017anik i miejscem na dodatkowe akcesoria.<br \/>\nWska\u017anik serii 3590ET mieszcz\u0105cy si\u0119 w metalowej obudowie typu rack o wymiarach 270x440mm, w komplecie z obudow\u0105 pod drukark\u0119, z\u0142\u0105czami do platform i wyj\u015bciem szeregowym na z\u0142\u0105czu 9-biegunowym.<br \/>\nPod\u015bwietlany wy\u015bwietlacz graficzny w technologii touch screen o wymiarach lxh= 120x90mm. Ekrany w pe\u0142ni konfigurowalne.<br \/>\nOprogramowanie wieloj\u0119zyczne.<br \/>\nKlawiatura QWERTY, AZERTY lub QWERTZ zintegrowana z ekranem dotykowym, do wyboru.<br \/>\nWymiary: 325x460x170 mm. Waga: oko\u0142o 5kg.<br \/>\nWyposa\u017cony w do\u0142\u0105czon\u0105 drukark\u0119 termiczn\u0105.<br \/>\nZegar czasu rzeczywistego i trwa\u0142e przechowywanie danych.<br \/>\nZamontowana pami\u0119\u0107 alibi, zintegrowana z p\u0142yt\u0105 g\u0142\u00f3wn\u0105.<br \/>\nGniazdo na wbudowan\u0105 kart\u0119 micro SD do nagrywania konfiguracji, logo i niestandardowych ekran\u00f3w (na \u017c\u0105danie).<br \/>\nFunkcje dost\u0119pne w narz\u0119dziu DINITOOLS<br \/>\n&#8211; Konfiguracja, wprowadzanie danych i formatowanie wydruku.<br \/>\n&#8211; Rejestrowanie i archiwizacja wszystkich informacji na komputerze PC.<br \/>\n&#8211; Ca\u0142kowite pobranie konfiguracji.<br \/>\n&#8211; Kalibracja przyrz\u0105du za pomoc\u0105 warto\u015bci numerycznych.<br \/>\n&#8211; Dostosowywanie ekran\u00f3w.<br \/>\n24-bitowy przetwornik A\/D, 4 kana\u0142y, do 3200 konwersji\/sek. i do 8 punkt\u00f3w linearyzacji sygna\u0142u.<br \/>\n4 niezale\u017cne kana\u0142y analogowe (do 2 w wersji E-AF03) do odczytu masy.<br \/>\nPo\u0142\u0105czenie z maksymalnie 16 analogowymi ogniwami obci\u0105\u017cnikowymi o rezystancji 350 om\u00f3w (45 ogniw obci\u0105\u017cnikowych o rezystancji 1000 om\u00f3w).<br \/>\nDo 10.000e OIML lub 3 x 3000e @ 0,3 \u00b5V\/e CE-M legalne w handlu.<br \/>\nDo 1.000.000 wy\u015bwietlanych podzia\u0142ek do u\u017cytku wewn\u0119trznego w fabryce, z wewn\u0119trzn\u0105 rozdzielczo\u015bci\u0105 do 3.000.000 punkt\u00f3w.<br \/>\nMo\u017cliwo\u015b\u0107 pod\u0142\u0105czenia do drukarek i etykieciarek z mo\u017cliwo\u015bci\u0105 bezp\u0142atnego programowania format\u00f3w wydruku.<br \/>\nZasilanie poprzez wbudowany akumulator, czas pracy wynosi oko\u0142o 10 godzin.<\/p>\n","protected":false},"excerpt":{"rendered":"<p>DOST\u0118PNE J\u0118ZYKI<\/p>\n<p>J\u0119zyki menu do wyboru:<br \/>\nIT, EN, FR, DE, ES, PT, PL*<\/p>\n<p>* J\u0119zyk polski dost\u0119pny tylko w modelach EGT-AF03, EGT-AF09<\/p>\n<p>Strony kodowe dost\u0119pne do t\u0142umaczenia komunikat\u00f3w i ekran\u00f3w za pomoc\u0105 programu Custom Language Tool (do pobrania w dziale Download):<br \/>\nWindows 1252: EN, GA, IT, NO, PT, ES, SV, DE, FI, IS, FR, NL, SL<br \/>\nWindows 1250: PL, CS, SK, HU, SL, SH, RO, SQ, EN, DE<br \/>\nWindows 1251: RU, UK, BE, BG, SR, MK, EN<br \/>\nWindows 1253: EL, EN<br \/>\nWindows 1258: VI, EN, FR<\/p>\n<p>&nbsp;<\/p>\n<p>CA\u0141KOWICIE DOSTOSOWALNE EKRANY<\/p>\n<p>Dzi\u0119ki programowalnemu ekranowi dotykowemu mo\u017cesz stworzy\u0107 indywidualne interfejsy dla dowolnej aplikacji:q<\/p>\n<p>DOSTOSOWANE APLIKACJE<\/p>\n<p>Dzi\u0119ki naszemu zintegrowanemu rozwojowi mo\u017cesz samodzielnie tworzy\u0107 kompletne, spersonalizowane aplikacje:<\/p>\n<p>kreatory, komunikaty operatora<br \/>\nzarz\u0105dzanie portami szeregowymi, dostosowywanie protoko\u0142\u00f3w<br \/>\npe\u0142ne zarz\u0105dzanie cyfrowymi wej\u015bciami\/wyj\u015bciami<br \/>\nautomatyka sekwencyjna lub symultaniczna<br \/>\nwprowadzanie danych, niestandardowe archiwa<\/p>\n<p>Dini Argeo mo\u017ce zaoferowa\u0107 us\u0142ug\u0119 niestandardowych program\u00f3w rozwojowych.<\/p>\n<p>&nbsp;<\/p>\n<p>SEKCJA WE\/WY<\/p>\n<p>Dost\u0119pne na panelu:<br \/>\n&#8211; Jeden port szeregowy RS232 do pod\u0142\u0105czenia do komputera PC, na z\u0142\u0105czu 9-biegunowym.<\/p>\n<p>Dost\u0119pne po stronie wewn\u0119trznej:<br \/>\n&#8211; 1 port szeregowy RS232 do pod\u0142\u0105czenia drukarki, modu\u0142u radiowego, komputera PC lub PLC, czytnika identyfikator\u00f3w lub zdalnej wagi.<br \/>\n&#8211; 1 port szeregowy RS232 do pod\u0142\u0105czenia drukarki, zdalnej wagi, czytnika identyfikator\u00f3w lub cyfrowych czujnik\u00f3w wagowych.<br \/>\n&#8211; Dopasowane wej\u015bcie emulacji klawiatury, dla czytnik\u00f3w kod\u00f3w kreskowych\/identyfikator\u00f3w lub zewn\u0119trznej klawiatury PC, poprzez kabel ze z\u0142\u0105czem mini DIN (opcjonalnie).<br \/>\n&#8211; Do 4 optoizolowanych wyj\u015b\u0107 (opcjonalnie).<br \/>\n&#8211; Do 2 wej\u015b\u0107 optoizolowanych (opcjonalnie).<\/p>\n","protected":false},"featured_media":483,"comment_status":"open","ping_status":"closed","template":"","meta":{"_et_pb_use_builder":"","_et_pb_old_content":"","_et_gb_content_width":""},"product_brand":[],"product_cat":[48],"product_tag":[],"class_list":{"0":"post-1355","1":"product","2":"type-product","3":"status-publish","4":"has-post-thumbnail","6":"product_cat-terminal-bezprzewodowy","8":"first","9":"instock","10":"taxable","11":"shipping-taxable","12":"purchasable","13":"product-type-simple"},"yoast_head":"<!-- This site is optimized with the Yoast SEO plugin v27.5 - https:\/\/yoast.com\/product\/yoast-seo-wordpress\/ -->\n<title>Cyfrowy miernik masy bezprzewodowy terminal wagowy 3590ETKR-3 | WWS POLSKA<\/title>\n<meta name=\"description\" content=\"Cyfrowy miernik masy 3590ETKR-3 - bezprzewodowy terminal wagowy z du\u017cym ekranem i precyzyjnym pomiarem. Zadzwo\u0144 lub sprawd\u017a ofert\u0119 online!\" \/>\n<meta name=\"robots\" content=\"index, follow, max-snippet:-1, max-image-preview:large, max-video-preview:-1\" \/>\n<link rel=\"canonical\" href=\"https:\/\/wwspolska.pl\/index.php\/produkt\/terminal-wagowy-3590etkr-3-bezprzewodowy\/\" \/>\n<meta property=\"og:locale\" content=\"pl_PL\" \/>\n<meta property=\"og:type\" content=\"article\" \/>\n<meta property=\"og:title\" content=\"Cyfrowy miernik masy bezprzewodowy terminal wagowy 3590ETKR-3 | WWS POLSKA\" \/>\n<meta property=\"og:description\" content=\"Cyfrowy miernik masy 3590ETKR-3 - bezprzewodowy terminal wagowy z du\u017cym ekranem i precyzyjnym pomiarem. Zadzwo\u0144 lub sprawd\u017a ofert\u0119 online!\" \/>\n<meta property=\"og:url\" content=\"https:\/\/wwspolska.pl\/index.php\/produkt\/terminal-wagowy-3590etkr-3-bezprzewodowy\/\" \/>\n<meta property=\"og:site_name\" content=\"WWS POLSKA\" \/>\n<meta property=\"article:modified_time\" content=\"2025-08-30T13:38:49+00:00\" \/>\n<meta property=\"og:image\" content=\"https:\/\/wwspolska.pl\/wp-content\/uploads\/2022\/05\/3590ETKR-3.jpg\" \/>\n\t<meta property=\"og:image:width\" content=\"350\" \/>\n\t<meta property=\"og:image:height\" content=\"350\" \/>\n\t<meta property=\"og:image:type\" content=\"image\/jpeg\" \/>\n<meta name=\"twitter:card\" content=\"summary_large_image\" \/>\n<meta name=\"twitter:label1\" content=\"Szacowany czas czytania\" \/>\n\t<meta name=\"twitter:data1\" content=\"2 minuty\" \/>\n<script type=\"application\/ld+json\" class=\"yoast-schema-graph\">{\"@context\":\"https:\\\/\\\/schema.org\",\"@graph\":[{\"@type\":\"WebPage\",\"@id\":\"https:\\\/\\\/wwspolska.pl\\\/index.php\\\/produkt\\\/terminal-wagowy-3590etkr-3-bezprzewodowy\\\/\",\"url\":\"https:\\\/\\\/wwspolska.pl\\\/index.php\\\/produkt\\\/terminal-wagowy-3590etkr-3-bezprzewodowy\\\/\",\"name\":\"Cyfrowy miernik masy bezprzewodowy terminal wagowy 3590ETKR-3 | WWS POLSKA\",\"isPartOf\":{\"@id\":\"https:\\\/\\\/wwspolska.pl\\\/#website\"},\"primaryImageOfPage\":{\"@id\":\"https:\\\/\\\/wwspolska.pl\\\/index.php\\\/produkt\\\/terminal-wagowy-3590etkr-3-bezprzewodowy\\\/#primaryimage\"},\"image\":{\"@id\":\"https:\\\/\\\/wwspolska.pl\\\/index.php\\\/produkt\\\/terminal-wagowy-3590etkr-3-bezprzewodowy\\\/#primaryimage\"},\"thumbnailUrl\":\"https:\\\/\\\/wwspolska.pl\\\/wp-content\\\/uploads\\\/2022\\\/05\\\/3590ETKR-3.jpg\",\"datePublished\":\"2024-05-14T14:06:15+00:00\",\"dateModified\":\"2025-08-30T13:38:49+00:00\",\"description\":\"Cyfrowy miernik masy 3590ETKR-3 - bezprzewodowy terminal wagowy z du\u017cym ekranem i precyzyjnym pomiarem. Zadzwo\u0144 lub sprawd\u017a ofert\u0119 online!\",\"breadcrumb\":{\"@id\":\"https:\\\/\\\/wwspolska.pl\\\/index.php\\\/produkt\\\/terminal-wagowy-3590etkr-3-bezprzewodowy\\\/#breadcrumb\"},\"inLanguage\":\"pl-PL\",\"potentialAction\":[{\"@type\":\"ReadAction\",\"target\":[\"https:\\\/\\\/wwspolska.pl\\\/index.php\\\/produkt\\\/terminal-wagowy-3590etkr-3-bezprzewodowy\\\/\"]}]},{\"@type\":\"ImageObject\",\"inLanguage\":\"pl-PL\",\"@id\":\"https:\\\/\\\/wwspolska.pl\\\/index.php\\\/produkt\\\/terminal-wagowy-3590etkr-3-bezprzewodowy\\\/#primaryimage\",\"url\":\"https:\\\/\\\/wwspolska.pl\\\/wp-content\\\/uploads\\\/2022\\\/05\\\/3590ETKR-3.jpg\",\"contentUrl\":\"https:\\\/\\\/wwspolska.pl\\\/wp-content\\\/uploads\\\/2022\\\/05\\\/3590ETKR-3.jpg\",\"width\":350,\"height\":350},{\"@type\":\"BreadcrumbList\",\"@id\":\"https:\\\/\\\/wwspolska.pl\\\/index.php\\\/produkt\\\/terminal-wagowy-3590etkr-3-bezprzewodowy\\\/#breadcrumb\",\"itemListElement\":[{\"@type\":\"ListItem\",\"position\":1,\"name\":\"Strona g\u0142\u00f3wna\",\"item\":\"https:\\\/\\\/wwspolska.pl\\\/\"},{\"@type\":\"ListItem\",\"position\":2,\"name\":\"Sklep\",\"item\":\"https:\\\/\\\/wwspolska.pl\\\/index.php\\\/sklep\\\/\"},{\"@type\":\"ListItem\",\"position\":3,\"name\":\"Terminal wagowy 3590ETKR-3 &#8211; Bezprzewodowy\"}]},{\"@type\":\"WebSite\",\"@id\":\"https:\\\/\\\/wwspolska.pl\\\/#website\",\"url\":\"https:\\\/\\\/wwspolska.pl\\\/\",\"name\":\"WWS POLSKA\",\"description\":\"Mobilne wagi samochodowe\",\"publisher\":{\"@id\":\"https:\\\/\\\/wwspolska.pl\\\/#organization\"},\"potentialAction\":[{\"@type\":\"SearchAction\",\"target\":{\"@type\":\"EntryPoint\",\"urlTemplate\":\"https:\\\/\\\/wwspolska.pl\\\/?s={search_term_string}\"},\"query-input\":{\"@type\":\"PropertyValueSpecification\",\"valueRequired\":true,\"valueName\":\"search_term_string\"}}],\"inLanguage\":\"pl-PL\"},{\"@type\":\"Organization\",\"@id\":\"https:\\\/\\\/wwspolska.pl\\\/#organization\",\"name\":\"WWS POLSKA\",\"url\":\"https:\\\/\\\/wwspolska.pl\\\/\",\"logo\":{\"@type\":\"ImageObject\",\"inLanguage\":\"pl-PL\",\"@id\":\"https:\\\/\\\/wwspolska.pl\\\/#\\\/schema\\\/logo\\\/image\\\/\",\"url\":\"https:\\\/\\\/wwspolska.pl\\\/wp-content\\\/uploads\\\/2024\\\/04\\\/WWS-Polska-2-e1713207082943.png\",\"contentUrl\":\"https:\\\/\\\/wwspolska.pl\\\/wp-content\\\/uploads\\\/2024\\\/04\\\/WWS-Polska-2-e1713207082943.png\",\"width\":500,\"height\":111,\"caption\":\"WWS POLSKA\"},\"image\":{\"@id\":\"https:\\\/\\\/wwspolska.pl\\\/#\\\/schema\\\/logo\\\/image\\\/\"}}]}<\/script>\n<!-- \/ Yoast SEO plugin. -->","yoast_head_json":{"title":"Cyfrowy miernik masy bezprzewodowy terminal wagowy 3590ETKR-3 | WWS POLSKA","description":"Cyfrowy miernik masy 3590ETKR-3 - bezprzewodowy terminal wagowy z du\u017cym ekranem i precyzyjnym pomiarem. Zadzwo\u0144 lub sprawd\u017a ofert\u0119 online!","robots":{"index":"index","follow":"follow","max-snippet":"max-snippet:-1","max-image-preview":"max-image-preview:large","max-video-preview":"max-video-preview:-1"},"canonical":"https:\/\/wwspolska.pl\/index.php\/produkt\/terminal-wagowy-3590etkr-3-bezprzewodowy\/","og_locale":"pl_PL","og_type":"article","og_title":"Cyfrowy miernik masy bezprzewodowy terminal wagowy 3590ETKR-3 | WWS POLSKA","og_description":"Cyfrowy miernik masy 3590ETKR-3 - bezprzewodowy terminal wagowy z du\u017cym ekranem i precyzyjnym pomiarem. Zadzwo\u0144 lub sprawd\u017a ofert\u0119 online!","og_url":"https:\/\/wwspolska.pl\/index.php\/produkt\/terminal-wagowy-3590etkr-3-bezprzewodowy\/","og_site_name":"WWS POLSKA","article_modified_time":"2025-08-30T13:38:49+00:00","og_image":[{"width":350,"height":350,"url":"https:\/\/wwspolska.pl\/wp-content\/uploads\/2022\/05\/3590ETKR-3.jpg","type":"image\/jpeg"}],"twitter_card":"summary_large_image","twitter_misc":{"Szacowany czas czytania":"2 minuty"},"schema":{"@context":"https:\/\/schema.org","@graph":[{"@type":"WebPage","@id":"https:\/\/wwspolska.pl\/index.php\/produkt\/terminal-wagowy-3590etkr-3-bezprzewodowy\/","url":"https:\/\/wwspolska.pl\/index.php\/produkt\/terminal-wagowy-3590etkr-3-bezprzewodowy\/","name":"Cyfrowy miernik masy bezprzewodowy terminal wagowy 3590ETKR-3 | WWS POLSKA","isPartOf":{"@id":"https:\/\/wwspolska.pl\/#website"},"primaryImageOfPage":{"@id":"https:\/\/wwspolska.pl\/index.php\/produkt\/terminal-wagowy-3590etkr-3-bezprzewodowy\/#primaryimage"},"image":{"@id":"https:\/\/wwspolska.pl\/index.php\/produkt\/terminal-wagowy-3590etkr-3-bezprzewodowy\/#primaryimage"},"thumbnailUrl":"https:\/\/wwspolska.pl\/wp-content\/uploads\/2022\/05\/3590ETKR-3.jpg","datePublished":"2024-05-14T14:06:15+00:00","dateModified":"2025-08-30T13:38:49+00:00","description":"Cyfrowy miernik masy 3590ETKR-3 - bezprzewodowy terminal wagowy z du\u017cym ekranem i precyzyjnym pomiarem. Zadzwo\u0144 lub sprawd\u017a ofert\u0119 online!","breadcrumb":{"@id":"https:\/\/wwspolska.pl\/index.php\/produkt\/terminal-wagowy-3590etkr-3-bezprzewodowy\/#breadcrumb"},"inLanguage":"pl-PL","potentialAction":[{"@type":"ReadAction","target":["https:\/\/wwspolska.pl\/index.php\/produkt\/terminal-wagowy-3590etkr-3-bezprzewodowy\/"]}]},{"@type":"ImageObject","inLanguage":"pl-PL","@id":"https:\/\/wwspolska.pl\/index.php\/produkt\/terminal-wagowy-3590etkr-3-bezprzewodowy\/#primaryimage","url":"https:\/\/wwspolska.pl\/wp-content\/uploads\/2022\/05\/3590ETKR-3.jpg","contentUrl":"https:\/\/wwspolska.pl\/wp-content\/uploads\/2022\/05\/3590ETKR-3.jpg","width":350,"height":350},{"@type":"BreadcrumbList","@id":"https:\/\/wwspolska.pl\/index.php\/produkt\/terminal-wagowy-3590etkr-3-bezprzewodowy\/#breadcrumb","itemListElement":[{"@type":"ListItem","position":1,"name":"Strona g\u0142\u00f3wna","item":"https:\/\/wwspolska.pl\/"},{"@type":"ListItem","position":2,"name":"Sklep","item":"https:\/\/wwspolska.pl\/index.php\/sklep\/"},{"@type":"ListItem","position":3,"name":"Terminal wagowy 3590ETKR-3 &#8211; Bezprzewodowy"}]},{"@type":"WebSite","@id":"https:\/\/wwspolska.pl\/#website","url":"https:\/\/wwspolska.pl\/","name":"WWS POLSKA","description":"Mobilne wagi samochodowe","publisher":{"@id":"https:\/\/wwspolska.pl\/#organization"},"potentialAction":[{"@type":"SearchAction","target":{"@type":"EntryPoint","urlTemplate":"https:\/\/wwspolska.pl\/?s={search_term_string}"},"query-input":{"@type":"PropertyValueSpecification","valueRequired":true,"valueName":"search_term_string"}}],"inLanguage":"pl-PL"},{"@type":"Organization","@id":"https:\/\/wwspolska.pl\/#organization","name":"WWS POLSKA","url":"https:\/\/wwspolska.pl\/","logo":{"@type":"ImageObject","inLanguage":"pl-PL","@id":"https:\/\/wwspolska.pl\/#\/schema\/logo\/image\/","url":"https:\/\/wwspolska.pl\/wp-content\/uploads\/2024\/04\/WWS-Polska-2-e1713207082943.png","contentUrl":"https:\/\/wwspolska.pl\/wp-content\/uploads\/2024\/04\/WWS-Polska-2-e1713207082943.png","width":500,"height":111,"caption":"WWS POLSKA"},"image":{"@id":"https:\/\/wwspolska.pl\/#\/schema\/logo\/image\/"}}]}},"_links":{"self":[{"href":"https:\/\/wwspolska.pl\/index.php\/wp-json\/wp\/v2\/product\/1355","targetHints":{"allow":["GET"]}}],"collection":[{"href":"https:\/\/wwspolska.pl\/index.php\/wp-json\/wp\/v2\/product"}],"about":[{"href":"https:\/\/wwspolska.pl\/index.php\/wp-json\/wp\/v2\/types\/product"}],"replies":[{"embeddable":true,"href":"https:\/\/wwspolska.pl\/index.php\/wp-json\/wp\/v2\/comments?post=1355"}],"wp:featuredmedia":[{"embeddable":true,"href":"https:\/\/wwspolska.pl\/index.php\/wp-json\/wp\/v2\/media\/483"}],"wp:attachment":[{"href":"https:\/\/wwspolska.pl\/index.php\/wp-json\/wp\/v2\/media?parent=1355"}],"wp:term":[{"taxonomy":"product_brand","embeddable":true,"href":"https:\/\/wwspolska.pl\/index.php\/wp-json\/wp\/v2\/product_brand?post=1355"},{"taxonomy":"product_cat","embeddable":true,"href":"https:\/\/wwspolska.pl\/index.php\/wp-json\/wp\/v2\/product_cat?post=1355"},{"taxonomy":"product_tag","embeddable":true,"href":"https:\/\/wwspolska.pl\/index.php\/wp-json\/wp\/v2\/product_tag?post=1355"}],"curies":[{"name":"wp","href":"https:\/\/api.w.org\/{rel}","templated":true}]}}