{"id":465,"date":"2022-05-23T21:07:31","date_gmt":"2022-05-23T21:07:31","guid":{"rendered":"https:\/\/wwspolska.pl\/?post_type=product&#038;p=465"},"modified":"2025-08-30T15:40:11","modified_gmt":"2025-08-30T15:40:11","slug":"terminal-wagowy-3590ekr-3-przewodowy","status":"publish","type":"product","link":"https:\/\/wwspolska.pl\/index.php\/produkt\/terminal-wagowy-3590ekr-3-przewodowy\/","title":{"rendered":"Terminal wagowy 3590EKR-3 &#8211; przewodowy"},"content":{"rendered":"<p>Wielofunkcyjny, wysokowydajny cyfrowy miernik masy w wersji Rack, w komplecie z 4 z\u0142\u0105czami do \u0142\u0105czenia platform, wbudowanym akumulatorem z \u0142adowark\u0105 i walizk\u0105. Szczeg\u00f3lnie nadaje si\u0119 do zastosowa\u0144 zwi\u0105zanych z wa\u017ceniem mobilnym. Dopuszczenie CE-M (OIML R-76 \/ EN 45501).<\/p>\n<p>&nbsp;<\/p>\n<p>G\u0141\u00d3WNE CECHY<\/p>\n<p>Walizka transportowa ABS, z obudow\u0105 na wska\u017anik i miejscem na dodatkowe akcesoria.<br \/>\nWska\u017anik serii 3590EXP mie\u015bci si\u0119 w metalowej obudowie typu rack o wymiarach 270x440mm, posiada kompletn\u0105 obudow\u0119 na opcjonaln\u0105 drukark\u0119, z\u0142\u0105cza do platform oraz wyj\u015bcie szeregowe na z\u0142\u0105czu 9-biegunowym.<br \/>\nWymiary: 325x460x170 mm. Waga: oko\u0142o 5 kg.<br \/>\nWodoodporna klawiatura alfanumeryczna z 25 klawiszami.<br \/>\nWysoce wydajny czerwony wy\u015bwietlacz LED z 6 cyframi i wysoko\u015bci\u0105 15 mm.<br \/>\nPod\u015bwietlany wy\u015bwietlacz graficzny LCD o wymiarach 25 x 100 mm.<br \/>\nSynoptyczny wykres s\u0142upkowy z 16 jasnymi diodami LED pokazuj\u0105cymi aktywne funkcje.<br \/>\nSta\u0142e przechowywanie godziny\/daty i danych.<br \/>\nWyposa\u017cony w pami\u0119\u0107 alibi.<br \/>\nFunkcje dost\u0119pne w narz\u0119dziu DINITOOLS:<br \/>\n&#8211; Konfiguracja, kalibracja, wprowadzanie danych i formatowanie wydruku.<br \/>\n&#8211; Rejestracja i archiwizacja wszystkich informacji na komputerze PC, wraz z danymi kalibracyjnymi ka\u017cdego przyrz\u0105du.<br \/>\n&#8211; Ca\u0142kowite odzyskanie zapisanych danych w celu szybkiej zamiany.<br \/>\n&#8211; Kalibracja przyrz\u0105du za pomoc\u0105 warto\u015bci numerycznych.<br \/>\nWyb\u00f3r j\u0119zyka programu bezpo\u015brednio w konfiguracji.<br \/>\n24-bitowy przetwornik A\/D, 4 kana\u0142y, do 3200 konwersji\/sek. i do 8 punkt\u00f3w linearyzacji sygna\u0142u.<br \/>\nDo 10.000e OIML lub 3 x 3000e @ 0,3 \u00b5V\/e CE-M legalne w handlu.<br \/>\nDo 1.000.000 wy\u015bwietlanych podzia\u0142ek do u\u017cytku wewn\u0119trznego w fabryce, z wewn\u0119trzn\u0105 rozdzielczo\u015bci\u0105 do 3.000.000 punkt\u00f3w.<br \/>\nWyposa\u017cony w 4 z\u0142\u0105cza umo\u017cliwiaj\u0105ce pod\u0142\u0105czenie do 4 platform z oprogramowaniem AF08 (do 2 z AF03, 1 z AF09).<br \/>\nMo\u017cliwo\u015b\u0107 pod\u0142\u0105czenia maksymalnie 16 analogowych czujnik\u00f3w wagowych 350 om\u00f3w (lub 45 1000 om\u00f3w).<br \/>\nMo\u017cliwo\u015b\u0107 po\u0142\u0105czenia z g\u0142\u00f3wnymi cyfrowymi czujnikami wagowymi dost\u0119pnymi na rynku.<br \/>\nWbudowany akumulator (minimalny czas pracy 10 godzin) z zamontowanym zewn\u0119trznym zasilaczem 12 Vdc \/ 230 Vac.<br \/>\nWszystkie wersje s\u0105 wyposa\u017cone w do\u0142\u0105czon\u0105 drukark\u0119 termiczn\u0105.<\/p>\n","protected":false},"excerpt":{"rendered":"<p>SEKCJA WE\/WY<\/p>\n<p>Dost\u0119pne na panelu:<br \/>\n&#8211; Jeden port szeregowy RS232 do pod\u0142\u0105czenia do komputera PC, na z\u0142\u0105czu 9-biegunowym.<\/p>\n<p>Dost\u0119pne po stronie wewn\u0119trznej:<br \/>\n&#8211; Dwa porty szeregowe RS232 do pod\u0142\u0105czenia drukarki, komputera PC lub sterownika PLC, modu\u0142u radiowego i opcjonalnych interfejs\u00f3w.<br \/>\n&#8211; Jeden port szeregowy RS232 (opcjonalnie RS485), do pod\u0142\u0105czenia do wzmacniacza, zdalnej wagi, czytnika identyfikator\u00f3w.<br \/>\n&#8211; Dopasowane wej\u015bcie emulacji klawiatury dla czytnik\u00f3w kod\u00f3w kreskowych\/identyfikator\u00f3w lub zewn\u0119trznej klawiatury komputera.<br \/>\n&#8211; 4 wyj\u015bcia optoizolowane (opcjonalnie).<br \/>\n&#8211; 2 wej\u015bcia optoizolowane (opcjonalnie).<\/p>\n<p>DOSTOSOWANE APLIKACJE<\/p>\n<p>Dzi\u0119ki naszemu zintegrowanemu rozwojowi mo\u017cesz samodzielnie tworzy\u0107 kompletne, spersonalizowane aplikacje:<\/p>\n<p>kreatory, komunikaty operatora<br \/>\nzarz\u0105dzanie portami szeregowymi, dostosowywanie protoko\u0142\u00f3w<br \/>\npe\u0142ne zarz\u0105dzanie cyfrowymi wej\u015bciami\/wyj\u015bciami<br \/>\nautomatyka sekwencyjna lub symultaniczna<br \/>\nwprowadzanie danych, niestandardowe archiwa<\/p>\n<p>Dini Argeo mo\u017ce zaoferowa\u0107 us\u0142ug\u0119 niestandardowych program\u00f3w rozwojowych.<\/p>\n","protected":false},"featured_media":466,"comment_status":"open","ping_status":"closed","template":"","meta":{"_et_pb_use_builder":"","_et_pb_old_content":"","_et_gb_content_width":""},"product_brand":[],"product_cat":[36],"product_tag":[],"class_list":{"0":"post-465","1":"product","2":"type-product","3":"status-publish","4":"has-post-thumbnail","6":"product_cat-terminal-wagowy","8":"first","9":"instock","10":"taxable","11":"shipping-taxable","12":"purchasable","13":"product-type-simple"},"yoast_head":"<!-- This site is optimized with the Yoast SEO plugin v27.5 - https:\/\/yoast.com\/product\/yoast-seo-wordpress\/ -->\n<title>Terminal wagowy 3590EKR-3 - przewodowy cyfrowy miernik masy | WWS POLSKA<\/title>\n<meta name=\"description\" content=\"Terminal wagowy 3590EKR-3 - przewodowy, cyfrowy miernik masy z precyzyjnym odczytem i solidn\u0105 obudow\u0105. Sprawd\u017a parametry lub skontaktuj si\u0119 z nami!\" \/>\n<meta name=\"robots\" content=\"index, follow, max-snippet:-1, max-image-preview:large, max-video-preview:-1\" \/>\n<link rel=\"canonical\" href=\"https:\/\/wwspolska.pl\/index.php\/produkt\/terminal-wagowy-3590ekr-3-przewodowy\/\" \/>\n<meta property=\"og:locale\" content=\"pl_PL\" \/>\n<meta property=\"og:type\" content=\"article\" \/>\n<meta property=\"og:title\" content=\"Terminal wagowy 3590EKR-3 - przewodowy cyfrowy miernik masy | WWS POLSKA\" \/>\n<meta property=\"og:description\" content=\"Terminal wagowy 3590EKR-3 - przewodowy, cyfrowy miernik masy z precyzyjnym odczytem i solidn\u0105 obudow\u0105. Sprawd\u017a parametry lub skontaktuj si\u0119 z nami!\" \/>\n<meta property=\"og:url\" content=\"https:\/\/wwspolska.pl\/index.php\/produkt\/terminal-wagowy-3590ekr-3-przewodowy\/\" \/>\n<meta property=\"og:site_name\" content=\"WWS POLSKA\" \/>\n<meta property=\"article:modified_time\" content=\"2025-08-30T15:40:11+00:00\" \/>\n<meta property=\"og:image\" content=\"https:\/\/wwspolska.pl\/wp-content\/uploads\/2022\/05\/3590EKR-3.jpg\" \/>\n\t<meta property=\"og:image:width\" content=\"350\" \/>\n\t<meta property=\"og:image:height\" content=\"350\" \/>\n\t<meta property=\"og:image:type\" content=\"image\/jpeg\" \/>\n<meta name=\"twitter:card\" content=\"summary_large_image\" \/>\n<meta name=\"twitter:label1\" content=\"Szacowany czas czytania\" \/>\n\t<meta name=\"twitter:data1\" content=\"2 minuty\" \/>\n<script type=\"application\/ld+json\" class=\"yoast-schema-graph\">{\"@context\":\"https:\\\/\\\/schema.org\",\"@graph\":[{\"@type\":\"WebPage\",\"@id\":\"https:\\\/\\\/wwspolska.pl\\\/index.php\\\/produkt\\\/terminal-wagowy-3590ekr-3-przewodowy\\\/\",\"url\":\"https:\\\/\\\/wwspolska.pl\\\/index.php\\\/produkt\\\/terminal-wagowy-3590ekr-3-przewodowy\\\/\",\"name\":\"Terminal wagowy 3590EKR-3 - przewodowy cyfrowy miernik masy | WWS POLSKA\",\"isPartOf\":{\"@id\":\"https:\\\/\\\/wwspolska.pl\\\/#website\"},\"primaryImageOfPage\":{\"@id\":\"https:\\\/\\\/wwspolska.pl\\\/index.php\\\/produkt\\\/terminal-wagowy-3590ekr-3-przewodowy\\\/#primaryimage\"},\"image\":{\"@id\":\"https:\\\/\\\/wwspolska.pl\\\/index.php\\\/produkt\\\/terminal-wagowy-3590ekr-3-przewodowy\\\/#primaryimage\"},\"thumbnailUrl\":\"https:\\\/\\\/wwspolska.pl\\\/wp-content\\\/uploads\\\/2022\\\/05\\\/3590EKR-3.jpg\",\"datePublished\":\"2022-05-23T21:07:31+00:00\",\"dateModified\":\"2025-08-30T15:40:11+00:00\",\"description\":\"Terminal wagowy 3590EKR-3 - przewodowy, cyfrowy miernik masy z precyzyjnym odczytem i solidn\u0105 obudow\u0105. Sprawd\u017a parametry lub skontaktuj si\u0119 z nami!\",\"breadcrumb\":{\"@id\":\"https:\\\/\\\/wwspolska.pl\\\/index.php\\\/produkt\\\/terminal-wagowy-3590ekr-3-przewodowy\\\/#breadcrumb\"},\"inLanguage\":\"pl-PL\",\"potentialAction\":[{\"@type\":\"ReadAction\",\"target\":[\"https:\\\/\\\/wwspolska.pl\\\/index.php\\\/produkt\\\/terminal-wagowy-3590ekr-3-przewodowy\\\/\"]}]},{\"@type\":\"ImageObject\",\"inLanguage\":\"pl-PL\",\"@id\":\"https:\\\/\\\/wwspolska.pl\\\/index.php\\\/produkt\\\/terminal-wagowy-3590ekr-3-przewodowy\\\/#primaryimage\",\"url\":\"https:\\\/\\\/wwspolska.pl\\\/wp-content\\\/uploads\\\/2022\\\/05\\\/3590EKR-3.jpg\",\"contentUrl\":\"https:\\\/\\\/wwspolska.pl\\\/wp-content\\\/uploads\\\/2022\\\/05\\\/3590EKR-3.jpg\",\"width\":350,\"height\":350},{\"@type\":\"BreadcrumbList\",\"@id\":\"https:\\\/\\\/wwspolska.pl\\\/index.php\\\/produkt\\\/terminal-wagowy-3590ekr-3-przewodowy\\\/#breadcrumb\",\"itemListElement\":[{\"@type\":\"ListItem\",\"position\":1,\"name\":\"Strona g\u0142\u00f3wna\",\"item\":\"https:\\\/\\\/wwspolska.pl\\\/\"},{\"@type\":\"ListItem\",\"position\":2,\"name\":\"Sklep\",\"item\":\"https:\\\/\\\/wwspolska.pl\\\/index.php\\\/sklep\\\/\"},{\"@type\":\"ListItem\",\"position\":3,\"name\":\"Terminal wagowy 3590EKR-3 &#8211; przewodowy\"}]},{\"@type\":\"WebSite\",\"@id\":\"https:\\\/\\\/wwspolska.pl\\\/#website\",\"url\":\"https:\\\/\\\/wwspolska.pl\\\/\",\"name\":\"WWS POLSKA\",\"description\":\"Mobilne wagi samochodowe\",\"publisher\":{\"@id\":\"https:\\\/\\\/wwspolska.pl\\\/#organization\"},\"potentialAction\":[{\"@type\":\"SearchAction\",\"target\":{\"@type\":\"EntryPoint\",\"urlTemplate\":\"https:\\\/\\\/wwspolska.pl\\\/?s={search_term_string}\"},\"query-input\":{\"@type\":\"PropertyValueSpecification\",\"valueRequired\":true,\"valueName\":\"search_term_string\"}}],\"inLanguage\":\"pl-PL\"},{\"@type\":\"Organization\",\"@id\":\"https:\\\/\\\/wwspolska.pl\\\/#organization\",\"name\":\"WWS POLSKA\",\"url\":\"https:\\\/\\\/wwspolska.pl\\\/\",\"logo\":{\"@type\":\"ImageObject\",\"inLanguage\":\"pl-PL\",\"@id\":\"https:\\\/\\\/wwspolska.pl\\\/#\\\/schema\\\/logo\\\/image\\\/\",\"url\":\"https:\\\/\\\/wwspolska.pl\\\/wp-content\\\/uploads\\\/2024\\\/04\\\/WWS-Polska-2-e1713207082943.png\",\"contentUrl\":\"https:\\\/\\\/wwspolska.pl\\\/wp-content\\\/uploads\\\/2024\\\/04\\\/WWS-Polska-2-e1713207082943.png\",\"width\":500,\"height\":111,\"caption\":\"WWS POLSKA\"},\"image\":{\"@id\":\"https:\\\/\\\/wwspolska.pl\\\/#\\\/schema\\\/logo\\\/image\\\/\"}}]}<\/script>\n<!-- \/ Yoast SEO plugin. -->","yoast_head_json":{"title":"Terminal wagowy 3590EKR-3 - przewodowy cyfrowy miernik masy | WWS POLSKA","description":"Terminal wagowy 3590EKR-3 - przewodowy, cyfrowy miernik masy z precyzyjnym odczytem i solidn\u0105 obudow\u0105. Sprawd\u017a parametry lub skontaktuj si\u0119 z nami!","robots":{"index":"index","follow":"follow","max-snippet":"max-snippet:-1","max-image-preview":"max-image-preview:large","max-video-preview":"max-video-preview:-1"},"canonical":"https:\/\/wwspolska.pl\/index.php\/produkt\/terminal-wagowy-3590ekr-3-przewodowy\/","og_locale":"pl_PL","og_type":"article","og_title":"Terminal wagowy 3590EKR-3 - przewodowy cyfrowy miernik masy | WWS POLSKA","og_description":"Terminal wagowy 3590EKR-3 - przewodowy, cyfrowy miernik masy z precyzyjnym odczytem i solidn\u0105 obudow\u0105. Sprawd\u017a parametry lub skontaktuj si\u0119 z nami!","og_url":"https:\/\/wwspolska.pl\/index.php\/produkt\/terminal-wagowy-3590ekr-3-przewodowy\/","og_site_name":"WWS POLSKA","article_modified_time":"2025-08-30T15:40:11+00:00","og_image":[{"width":350,"height":350,"url":"https:\/\/wwspolska.pl\/wp-content\/uploads\/2022\/05\/3590EKR-3.jpg","type":"image\/jpeg"}],"twitter_card":"summary_large_image","twitter_misc":{"Szacowany czas czytania":"2 minuty"},"schema":{"@context":"https:\/\/schema.org","@graph":[{"@type":"WebPage","@id":"https:\/\/wwspolska.pl\/index.php\/produkt\/terminal-wagowy-3590ekr-3-przewodowy\/","url":"https:\/\/wwspolska.pl\/index.php\/produkt\/terminal-wagowy-3590ekr-3-przewodowy\/","name":"Terminal wagowy 3590EKR-3 - przewodowy cyfrowy miernik masy | WWS POLSKA","isPartOf":{"@id":"https:\/\/wwspolska.pl\/#website"},"primaryImageOfPage":{"@id":"https:\/\/wwspolska.pl\/index.php\/produkt\/terminal-wagowy-3590ekr-3-przewodowy\/#primaryimage"},"image":{"@id":"https:\/\/wwspolska.pl\/index.php\/produkt\/terminal-wagowy-3590ekr-3-przewodowy\/#primaryimage"},"thumbnailUrl":"https:\/\/wwspolska.pl\/wp-content\/uploads\/2022\/05\/3590EKR-3.jpg","datePublished":"2022-05-23T21:07:31+00:00","dateModified":"2025-08-30T15:40:11+00:00","description":"Terminal wagowy 3590EKR-3 - przewodowy, cyfrowy miernik masy z precyzyjnym odczytem i solidn\u0105 obudow\u0105. Sprawd\u017a parametry lub skontaktuj si\u0119 z nami!","breadcrumb":{"@id":"https:\/\/wwspolska.pl\/index.php\/produkt\/terminal-wagowy-3590ekr-3-przewodowy\/#breadcrumb"},"inLanguage":"pl-PL","potentialAction":[{"@type":"ReadAction","target":["https:\/\/wwspolska.pl\/index.php\/produkt\/terminal-wagowy-3590ekr-3-przewodowy\/"]}]},{"@type":"ImageObject","inLanguage":"pl-PL","@id":"https:\/\/wwspolska.pl\/index.php\/produkt\/terminal-wagowy-3590ekr-3-przewodowy\/#primaryimage","url":"https:\/\/wwspolska.pl\/wp-content\/uploads\/2022\/05\/3590EKR-3.jpg","contentUrl":"https:\/\/wwspolska.pl\/wp-content\/uploads\/2022\/05\/3590EKR-3.jpg","width":350,"height":350},{"@type":"BreadcrumbList","@id":"https:\/\/wwspolska.pl\/index.php\/produkt\/terminal-wagowy-3590ekr-3-przewodowy\/#breadcrumb","itemListElement":[{"@type":"ListItem","position":1,"name":"Strona g\u0142\u00f3wna","item":"https:\/\/wwspolska.pl\/"},{"@type":"ListItem","position":2,"name":"Sklep","item":"https:\/\/wwspolska.pl\/index.php\/sklep\/"},{"@type":"ListItem","position":3,"name":"Terminal wagowy 3590EKR-3 &#8211; przewodowy"}]},{"@type":"WebSite","@id":"https:\/\/wwspolska.pl\/#website","url":"https:\/\/wwspolska.pl\/","name":"WWS POLSKA","description":"Mobilne wagi samochodowe","publisher":{"@id":"https:\/\/wwspolska.pl\/#organization"},"potentialAction":[{"@type":"SearchAction","target":{"@type":"EntryPoint","urlTemplate":"https:\/\/wwspolska.pl\/?s={search_term_string}"},"query-input":{"@type":"PropertyValueSpecification","valueRequired":true,"valueName":"search_term_string"}}],"inLanguage":"pl-PL"},{"@type":"Organization","@id":"https:\/\/wwspolska.pl\/#organization","name":"WWS POLSKA","url":"https:\/\/wwspolska.pl\/","logo":{"@type":"ImageObject","inLanguage":"pl-PL","@id":"https:\/\/wwspolska.pl\/#\/schema\/logo\/image\/","url":"https:\/\/wwspolska.pl\/wp-content\/uploads\/2024\/04\/WWS-Polska-2-e1713207082943.png","contentUrl":"https:\/\/wwspolska.pl\/wp-content\/uploads\/2024\/04\/WWS-Polska-2-e1713207082943.png","width":500,"height":111,"caption":"WWS POLSKA"},"image":{"@id":"https:\/\/wwspolska.pl\/#\/schema\/logo\/image\/"}}]}},"_links":{"self":[{"href":"https:\/\/wwspolska.pl\/index.php\/wp-json\/wp\/v2\/product\/465","targetHints":{"allow":["GET"]}}],"collection":[{"href":"https:\/\/wwspolska.pl\/index.php\/wp-json\/wp\/v2\/product"}],"about":[{"href":"https:\/\/wwspolska.pl\/index.php\/wp-json\/wp\/v2\/types\/product"}],"replies":[{"embeddable":true,"href":"https:\/\/wwspolska.pl\/index.php\/wp-json\/wp\/v2\/comments?post=465"}],"wp:featuredmedia":[{"embeddable":true,"href":"https:\/\/wwspolska.pl\/index.php\/wp-json\/wp\/v2\/media\/466"}],"wp:attachment":[{"href":"https:\/\/wwspolska.pl\/index.php\/wp-json\/wp\/v2\/media?parent=465"}],"wp:term":[{"taxonomy":"product_brand","embeddable":true,"href":"https:\/\/wwspolska.pl\/index.php\/wp-json\/wp\/v2\/product_brand?post=465"},{"taxonomy":"product_cat","embeddable":true,"href":"https:\/\/wwspolska.pl\/index.php\/wp-json\/wp\/v2\/product_cat?post=465"},{"taxonomy":"product_tag","embeddable":true,"href":"https:\/\/wwspolska.pl\/index.php\/wp-json\/wp\/v2\/product_tag?post=465"}],"curies":[{"name":"wp","href":"https:\/\/api.w.org\/{rel}","templated":true}]}}